{"id":94781263,"date":"2020-08-18T07:32:16","date_gmt":"2020-08-18T05:32:16","guid":{"rendered":"https:\/\/elektronikk.eu\/2512089\/"},"modified":"2026-04-01T21:04:21","modified_gmt":"2026-04-01T19:04:21","slug":"2512089","status":"publish","type":"product","link":"https:\/\/elektronikk.eu\/nb\/2512089\/","title":{"rendered":"iPhone 15 Pro silikondeksel ICON MAG PRO, svart"},"content":{"rendered":"<p>Det svarte ICON MAG PRO-dekselet til iPhone 15 Pro fra Puro er det ideelle tilbeh\u00f8ret for de som s\u00f8ker full beskyttelse, en behagelig soft-touch-effekt og MagSafe-ladingsmuligheter. Ja, Icon Mag Pro-dekselet har mange fordeler, inkludert kompatibilitet med MagSafe-lading.<\/p>\n<p>Laget av flytende silikon, mykt og behagelig \u00e5 ta p\u00e5, har ICON MAG-dekselet til iPhone 15 Pro et indre lag med ripebestandig mikrofiberbelegg for \u00e5 gi ekstra beskyttelse til smarttelefonen din.<\/p>\n<p>De hevede hj\u00f8rnene og metalliske effekten p\u00e5 kantene sikrer optimal kamerabeskyttelse, og holder det trygt mot st\u00f8t og riper.<\/p>\n<p>Med det innovative Puro ICON MAG PRO-dekselet beskytter du ikke bare din iPhone 15 Pro, men takket v\u00e6re de interne magnetringene kan du fullt ut utnytte alle funksjonene som tilbys av MagSafe-teknologi.<\/p>","protected":false},"excerpt":{"rendered":"<p>Puro Icon Mag Pro-dekselet til iPhone 15 Pro er det ideelle tilbeh\u00f8ret som tilbyr komplett beskyttelse, en behagelig soft-touch-effekt og MagSafe-ladekompatibilitet, med hevede hj\u00f8rner og en metallisk kant for optimal kamerabeskyttelse.<\/p>","protected":false},"featured_media":94776817,"comment_status":"closed","ping_status":"open","template":"","meta":[],"product_brand":[35302],"product_cat":[35536,35660],"product_tag":[21567],"class_list":{"0":"post-94781263","1":"product","2":"type-product","3":"status-publish","4":"has-post-thumbnail","6":"product_brand-puro","7":"product_cat-kommunikasjon","8":"product_cat-telefon-deksel-kommunikasjon-mobil-telefon-2","9":"product_tag-wallet-with-detach-cover","11":"first","12":"onbackorder","13":"purchasable","14":"product-type-simple"},"jetpack_sharing_enabled":true,"_links":{"self":[{"href":"https:\/\/elektronikk.eu\/nb\/wp-json\/wp\/v2\/product\/94781263","targetHints":{"allow":["GET"]}}],"collection":[{"href":"https:\/\/elektronikk.eu\/nb\/wp-json\/wp\/v2\/product"}],"about":[{"href":"https:\/\/elektronikk.eu\/nb\/wp-json\/wp\/v2\/types\/product"}],"replies":[{"embeddable":true,"href":"https:\/\/elektronikk.eu\/nb\/wp-json\/wp\/v2\/comments?post=94781263"}],"wp:featuredmedia":[{"embeddable":true,"href":"https:\/\/elektronikk.eu\/nb\/wp-json\/wp\/v2\/media\/94776817"}],"wp:attachment":[{"href":"https:\/\/elektronikk.eu\/nb\/wp-json\/wp\/v2\/media?parent=94781263"}],"wp:term":[{"taxonomy":"product_brand","embeddable":true,"href":"https:\/\/elektronikk.eu\/nb\/wp-json\/wp\/v2\/product_brand?post=94781263"},{"taxonomy":"product_cat","embeddable":true,"href":"https:\/\/elektronikk.eu\/nb\/wp-json\/wp\/v2\/product_cat?post=94781263"},{"taxonomy":"product_tag","embeddable":true,"href":"https:\/\/elektronikk.eu\/nb\/wp-json\/wp\/v2\/product_tag?post=94781263"}],"curies":[{"name":"wp","href":"https:\/\/api.w.org\/{rel}","templated":true}]}}

<p>Det svarte ICON MAG PRO-dekselet til iPhone 15 Pro fra Puro er det ideelle tilbehøret for de som søker full beskyttelse, en behagelig soft-touch-effekt og MagSafe-ladingsmuligheter. Ja, Icon Mag Pro-dekselet har mange fordeler, inkludert kompatibilitet med MagSafe-lading.</p>
<p>Laget av flytende silikon, mykt og behagelig å ta på, har ICON MAG-dekselet til iPhone 15 Pro et indre lag med ripebestandig mikrofiberbelegg for å gi ekstra beskyttelse til smarttelefonen din.</p>
<p>De hevede hjørnene og metalliske effekten på kantene sikrer optimal kamerabeskyttelse, og holder det trygt mot støt og riper.</p>
<p>Med det innovative Puro ICON MAG PRO-dekselet beskytter du ikke bare din iPhone 15 Pro, men takket være de interne magnetringene kan du fullt ut utnytte alle funksjonene som tilbys av MagSafe-teknologi.</p>

<p>Puro Icon Mag Pro-dekselet til iPhone 15 Pro er det ideelle tilbehøret som tilbyr komplett beskyttelse, en behagelig soft-touch-effekt og MagSafe-ladekompatibilitet, med hevede hjørner og en metallisk kant for optimal kamerabeskyttelse.</p>
